. Let c(r) = -r**2 - 3*r + 2. Let p be c(-4). Give j(p).
10
Let b(j) = j**3 + 6*j**2 + 5*j + 4. Let l be b(-5). Suppose 2 = 4*t - 4*v - 2, -3*v = l*t - 18. Let z(g) = -3*g**2 + 4*g**2 - 2*g**t - g + g**2. Calculate z(1).
-1
Let k(i) be the third derivative of i**5/60 + 6*i**2. Suppose 6*s - 3*s + 4*t = -13, 4*t = -5*s - 19. What is k(s)?
9
Let s(a) be the second derivative of a**5/20 + a**4/2 - 4*a**3/3 - 5*a**2 - 12*a. Calculate s(-7).
-3
Let a be (-2 + 5/3)/((-4)/36). Let n(q) = q**3 - 4*q**2 + 5*q - 2. Calculate n(a).
4
Let n(s) = -s**3 + s**2 - s. Let y(q) = -15*q**3 + q**2 - q. Let i(t) = -n(t) + y(t). Determine i(1).
-14
Let v(o) = -o + 3. Suppose -8 = 4*z, -z - 2*z + 9 = 5*h. Calculate v(h).
0
Suppose a + 2*q + 0*q = 12, -q + 7 = a. Suppose -2 = 2*i - 22. Let d(k) = 3 - 4*k - i*k**2 - k**3 + 3*k**a + 5. Calculate d(-6).
-4
Let t(q) = -2*q + 1. Let k be t(-2). Suppose k*v = v. Let g(d) = -d**3 + d**2 - d + 6. Calculate g(v).
6
Let o = -44 + 39. Let g(p) = 2*p**3 + 8*p**2 - p + 8. Let s(u) = u**3 + 4*u**2 + 4. Let k(j) = -6*g(j) + 11*s(j). Determine k(o).
-9
Suppose -w + 3*h - 22 = -h, -13 = 4*w - h. Let l(a) be the third derivative of a**5/30 - a**3/3 - 4*a**2. Determine l(w).
6
Let k = 12 + -17. Let x(m) = -m + 1. Give x(k).
6
Let p = 4 + -1. Let i(q) be the first derivative of -3/2*q**2 - q - 1/3*q**p - 3. Calculate i(-4).
-5
Let h = -7 - -10. Suppose 6*u - h*u + 9 = 0. Let l(q) = q**3 + 2*q**2 + 2. Calculate l(u).
-7
Let u(h) = -h**3 + 3*h**2 + 3*h - 3. Let c be u(4). Let l = -9 - c. Let f(x) be the third derivative of x**6/120 + x**3/6 - x**2. What is f(l)?
-7
Let k(s) = 2*s - 3*s + 4 - 2 - 1. Let d(c) = -9*c + 9. Let o(a) = d(a) - 6*k(a). Give o(2).
-3
Let v(m) be the first derivative of -m**3/3 + m**2 + m - 20. Give v(2).
1
Let p(n) be the first derivative of n**4/2 + 8*n**3/3 + n**2 + 3*n - 3. Let f(j) = j**3 + 7*j**2 + j + 2. Let z(c) = -3*f(c) + 2*p(c). What is z(5)?
5
Suppose 4*c - 15 = -c. Let k(w) = w. Give k(c).
3
Suppose 16*f + 2 = 18*f. Let l(d) = -4*d**2. Calculate l(f).
-4
Let a be (174/(-36) - 1) + 2/(-12). Let n(s) = 2*s + 9. Calculate n(a).
-3
Let i(k) be the first derivative of k**4/4 - 5*k**3/3 - 5*k**2/2 - 7*k + 3. Let y be i(6). Let j be -1*(-1)/(0 + y). Let m(o) = -5*o. Determine m(j).
5
Let s(j) = 15 - j - 4*j - 7*j + 10*j. What is s(12)?
-9
Suppose 0 = 5*o - 4*h + 6, -18 = -3*o - h - 2*h. Let x(s) = s**2 + 2 + s**2 + s - 5*s**2. Determine x(o).
-8
Let u(r) = -2*r - 5. Let g = 88 + -82. What is u(g)?
-17
Suppose -5*u + 4*s = -8 - 6, -9 = -2*u + 5*s. Let c(i) be the second derivative of -1/2*i**u + 1/3*i**3 + 4*i + 1/3*i**4 + 0. Give c(1).
5
Let u(l) = l**3 - l + 4. Let f be u(-3). Let c be (-2)/5 + 52/f. Let w(a) = -a**3 - 5*a**2 - 2*a + 2. What is w(c)?
-10
Let c(w) be the second derivative of -w**5/20 - w**4/6 + 10*w. Let n(p) = -p**2 - 4*p - 2. Let i be n(-4). Calculate c(i).
0
Let r(n) be the second derivative of n**3/6 - n**2/2 + 2*n. Let j(d) = d**2 - 2*d. Let b be j(3). Suppose -2*w + 1 = b. Calculate r(w).
-2
Let b = -7 + 3. Let x be (-16)/(-4) + b - 2. Let h(k) = -2*k**2 + k - 2. Give h(x).
-12
Let t(s) = -s**2 + 1. Let b(p) = p**2 - 6*p - 8. Suppose 4*g = k - 3*k - 34, g - 3*k = -26. Let f = g - -18. Let u be b(f). What is t(u)?
0
Suppose -3*j - 9 = -4*q, -4*q = -2*j - 3 - 3. Let r(m) be the third derivative of -3*m**2 + 0*m**3 + 1/4*m**4 + q*m + 0 + 1/60*m**5. Give r(-5).
-5
Let m(f) = 4*f**2 + 7*f + 2. Let p(h) = 2*h**2 + 3*h + 1. Let b(v) = -3*m(v) + 5*p(v). Determine b(-4).
-9
Let b(g) = -g + 1. Let k(d) = 9*d + 1. Let t(f) = 2*b(f) - k(f). Determine t(1).
-10
Let x(b) = 5*b**3 + b**2. Suppose 3*k - 5 = -0*k + 2*u, 5*u = 4*k + 5. Suppose 3*t + k = -2*t. Give x(t).
-4
Let o = -15 + 0. Let w = -21 - o. Let r(q) = q**2 + 3*q - 6. Determine r(w).
12
Suppose -p = -5*a + 7, -2 = -4*p + 2*a + 6. Let q(s) = s**2 + 7*s + 2. Let l be q(-7). Let j(z) = -l*z**2 + 2*z + 3 + 8 - 8 + z. Calculate j(p).
-6
Let d(u) = -u**3 - 5*u**2 - 3*u - 1. Suppose -2*o - 6*o - 32 = 0. Determine d(o).
-5
Let c(o) = o**3 - 3*o**2 - 5*o - 2. Let d(j) = 4*j**2 - 2*j - 1. Let q be d(-1). Let w(b) = 2*b - 6. Let n be w(q). Determine c(n).
-6
Suppose 10*d + 14 = 3*d. Let s(t) = 4*t**2 - t. Determine s(d).
18
Let x = -2 - -8. Let f be 2*-4*1/2. Let l = x + f. Let g(w) = w**3 - 3*w**2 - w - 2. Give g(l).
-8
Let w(o) = 4*o**3 - 2*o**2 - 7*o - 3. Let h(g) = 3*g**3 - 3*g**2 - 6*g - 3. Let s(a) = -5*h(a) + 4*w(a). Give s(-7).
-11
Let v(x) = -7*x**2 + 7*x**2 - x**3 - 4*x**2 - 4*x. Suppose -o + 6 = -2*s, -2*o - 3*o - 3 = s. Determine v(s).
3
Let h be (12 + 3)*2/6. Suppose -8*x = -h*x. Let c(i) = -i**2 + i + 9. What is c(x)?
9
Let d(t) be the third derivative of 0 + 1/6*t**3 - 3*t**2 - 1/30*t**5 - 1/12*t**4 + 0*t. Give d(-2).
-3
Let o be 4/(-6)*(-6)/(-4). Let s = 9 + -5. Let g(u) = -9 - 5*u - s + 12. Determine g(o).
4
Suppose 3*f + 7 = 2*f. Let v(n) = n - 3. Determine v(f).
-10
Suppose -4*o = -o. Suppose o*m + 2*m = -4. Let y(z) = -5 - 3*z + 0 + 6*z + 8. Determine y(m).
-3
Let r(g) = 3*g - 4. Let v = -8 + 11. Suppose -v*i + 3 = -6. Determine r(i).
5
Let s(f) be the second derivative of 0*f**2 + 1/4*f**4 - 1/20*f**5 + 0 + 3*f - 1/2*f**3. Determine s(2).
-2
Let d(i) be the third derivative of -i**5/60 - 5*i**4/24 + i**3 + 20*i**2. Give d(-7).
-8
Let p(n) = -2*n**3 + 2*n**2 - 2*n. Suppose -5*b - 1 = -a - 4*b, 0 = 4*b - 8. Let s be 4/3 - (-2)/a. Give p(s).
-12
Suppose w = 5*x - 7 + 29, -4*w + 4*x = -24. Let n be (w/(-3) + 1)*18. Let y(s) = 0*s + 4 + 3*s**2 - 2*s**2 + n*s + 0*s. Give y(-5).
-1
Let r(z) = 3*z + 1. Let f(j) = -16*j - 6. Let x(y) = -2*f(y) - 11*r(y). Suppose 4*l + 7 = -5*h, 2*h + 5 = l - 3. Determine x(h).
4
Let f(t) = 2 - 3*t + 6*t - t. What is f(8)?
18
Let m(r) = r**3 + r**2 + 4. Let z(p) = -1 + 5 - 4 + 7 - p. Let y be z(7). Determine m(y).
4
Suppose -2*p = -7*p - 15. Let f = p - -8. Let j(k) = -k**2 + 6*k - 2. Determine j(f).
3
Let t(p) = -7 + 7 - 3*p + 11*p. Determine t(2).
16
Let s(g) = -g. Let q(y) = -5*y + 13. Let h(l) = q(l) - 4*s(l). Give h(7).
6
Suppose -4*a + 64 = 12. Let c(w) = a - 3*w - 5 - 12. Calculate c(-4).
8
Let k(y) = y**3 - 10*y + 0*y**3 + 11*y + 5. What is k(0)?
5
Suppose 11 - 46 = -5*y. Let c(o) = 3*o + o - o**2 + y - 2. Let n = 105 + -100. What is c(n)?
0
Let t(j) be the third derivative of j**6/360 - j**5/24 - j**4/12 + 2*j**3/3 - 5*j**2. Let p(k) be the first derivative of t(k). Determine p(4).
-6
Let l(f) = f**3 - f**2 - 3*f - 4. Let s(j) = -j**3 + 5*j**2 + 8*j - 9. Let w be s(6). What is l(w)?
5
Let y(t) be the third derivative of t**6/120 + t**5/15 + t**4/8 - 15*t**2. Give y(-2).
2
Let g(f) be the third derivative of -f**4/8 + f**3/3 + 15*f**2. Suppose 1 = 2*z - 11. Let b be (-2 + 1)*z/(-2). Give g(b).
-7
Let d(i) = i**3 + 6*i**2 + 5*i + 1. Let y = -20 - -26. Let n(m) be the third derivative of m**5/60 - m**4/3 + 7*m**3/6 - m**2. Let l be n(y). Calculate d(l).
1
Let y(n) = 4*n**2 + 12*n. Let l be y(-6). Let w be (-2)/(-11) - l/(-88). Let g(x) be the third derivative of x**5/30 - x**2. Give g(w).
2
Let z = -1 - -2. Let b(q) = 3*q**2 + 2*q - 1. Let n be b(z). Let c(k) = k + 3. Give c(n).
7
Let t be 6/21 + 48/28. Let d(b) = -2*b**3 + 2*b**2 + b + 2. What is d(t)?
-4
Let a(m) = -m**2 + 5*m + 4. Let w be a(5). Let n(d) = d + 0*d - w + 0*d. Let x = 7 - 3. Give n(x).
0
Let o(s) be the third derivative of -s**6/360 - s**5/60 - s**4/24 + s**3/2 + 4*s**2. Let u(q) be the first derivative of o(q). Determine u(-3).
-4
Let h(n) be the first derivative of n**6/360 - n**5/60 + n**4/6 + 5*n**3/3 - 4. Let s(r) be the third derivative of h(r). What is s(3)?
7
Let j be (3 - 6) + (-2)/(-1). Let k(o) = -2*o - 1. Let f be k(j). Let r(z) = -4*z**2 - 2*z + 1. Give r(f).
-5
Suppose -2 = f + 3. Let u(s) = -3*s**2 + 2*s - 4. Let o(a) = 7*a**2 - 5*a + 7. Let x(d) = f*u(d) - 2*o(d). Calculate x(0).
6
Let l(n) be the second derivative of n**5/20 + n**4/4 + n**3/6 + n**2/2 + n. Let p = -11 + 7. Let m be (6/p)/((-6)/(-8)). Determine l(m).
3
Let c(k) = -6 + 2*k**2 - 41*k + 45*k - k**2 - 2. What is c(-6)?
4
Let q(u) = u**3 - 4*u**2 + 3*u + 4. Let t be (-2)/(-8) + 33/12. Let j be q(t). Let b(g) = g - 5*g**3 - 2 + 1 + j*g**3. Give b(-2).
5
Let n(s) = -3*s - 3. Let j be n(-2). Let h(y) = -5*y**3 + y**j - 5*y**3 + 6*y - 5*y. Calculate h(1)